rime number?
True
Is 1829853017 a prime number?
True
Is 55750176659 a prime number?
False
Is 5163835519 composite?
False
Is 2239930367 composite?
False
Is 1042643879 a composite number?
True
Is 36930703067 a composite number?
False
Is 110838083 prime?
True
Is 2208011243 composite?
False
Is 1090683362 composite?
True
Is 3127178179 a composite number?
False
Is 979440911 composite?
False
Is 735367427 a prime number?
True
Is 1612881197 composite?
True
Is 234465067 a prime number?
True
Is 2260139261 a prime number?
False
Is 5002307903 a prime number?
True
Is 7264194101 prime?
True
Is 15481324889 a prime number?
True
Is 2347635299 prime?
False
Is 6554789 composite?
False
Is 1720493899 a composite number?
False
Is 32162304347 prime?
True
Is 8993062079 composite?
True
Is 48276930431 a prime number?
False
Is 16674892859 composite?
False
Is 108957197 composite?
False
Is 3194993677 composite?
False
Is 22652652007 prime?
True
Is 71500263221 a prime number?
True
Is 1117452003 composite?
True
Is 32112610459 a composite number?
True
Is 32015305598 composite?
True
Is 85915153 composite?
True
Is 1628895473 prime?
False
Is 2081028889 a composite number?
True
Is 132083556523 a prime number?
True
Is 1365955039 a prime number?
True
Is 1323417391 prime?
True
Is 102593243 composite?
False
Is 33538721 a prime number?
True
Is 5518533857 a prime number?
True
Is 9655699987 a composite number?
False
Is 74154089 a prime number?
True
Is 150339773 a composite number?
True
Is 17129805107 prime?
True
Is 977295499 prime?
True
Is 754332515 a composite number?
True
Is 187899627589 a composite number?
True
Is 4043810627 composite?
False
Is 105341372047 a composite number?
False
Is 704813479 prime?
False
Is 181649309 a prime number?
False
Is 2653836689 composite?
True
Is 8076696689 a prime number?
False
Is 1653240359 a composite number?
False
Is 2302315987 a composite number?
True
Is 6608163493 a composite number?
True
Is 31501537367 a composite number?
False
Is 4732782599 prime?
False
Is 130902595327 a composite number?
True
Is 83665193437 a prime number?
False
Is 1790857363 composite?
False
Is 2986884709 composite?
True
Is 40679641609 a prime number?
False
Is 575144941 prime?
False
Is 10892190599 composite?
False
Is 270144991 prime?
True
Is 3164775881 a prime number?
True
Is 7580463469 a composite number?
True
Is 19826638699 prime?
False
Is 32120788681 a composite number?
True
Is 19195849699 composite?
True
Is 1356390187 composite?
True
Is 60741949789 a composite number?
True
Is 984985877 composite?
False
Is 3623819687 prime?
False
Is 20872932257 a prime number?
True
Is 25844560291 prime?
False
Is 1010458307 a prime number?
True
Is 243478883 a prime number?
True
Is 7952498299 composite?
False
Is 1283584777 composite?
True
Is 41511403 composite?
False
Is 1064429389 a composite number?
False
Is 3313075327 a composite number?
False
Is 1262266469 a composite number?
True
Is 43475061937 composite?
False
Is 9880844863 composite?
True
Is 100140175217 prime?
False
Is 20109458267 a prime number?
True
Is 1100728679 a composite number?
True
Is 12662000243 a composite number?
False
Is 1146071893 composite?
True
Is 8601047303 a composite number?
True
Is 15551153029 a prime number?
True
Is 26815468621 a prime number?
True
Is 15327799 prime?
True
Is 6653659319 a prime number?
False
Is 200405461 a composite number?
False
Is 12178999319 a composite number?
False
Is 34672101257 prime?
True
Is 151543339 composite?
True
Is 4371679121 composite?
True
Is 199040921 prime?
True
Is 2241708701 prime?
True
Is 12622441267 prime?
False
Is 97484209787 a composite number?
False
Is 12737436251 a composite number?
False
Is 2018725307 a prime number?
True
Is 141412376129 a composite number?
False
Is 924744367 composite?
True
Is 25980145 composite?
True
Is 50626518133 a composite number?
False
Is 351507251 a composite number?
True
Is 8698187 a composite number?
False
Is 114881587 prime?
True
Is 11048702759 composite?
False
Is 2382022766 composite?
True
Is 4316961527 composite?
False
Is 81208705 a composite number?
True
Is 982620466 a composite number?
True
Is 149047860413 a prime number?
True
Is 22230063359 a composite number?
True
Is 263894159 a prime number?
True
Is 50408459011 composite?
False
Is 36057569921 prime?
True
Is 10426999229 composite?
True
Is 1068006893 a prime number?
True
Is 3041537171 composite?
True
Is 1375587629 a composite number?
True
Is 31718861059 prime?
False
Is 74040746333 prime?
True
Is 244321453 composite?
False
Is 1487155178 prime?
False
Is 2171191201 composite?
False
Is 19412491339 a prime number?
True
Is 2645607161 a prime number?
True
Is 2832239381 prime?
True
Is 2895283803 a composite number?
True
Is 8549207467 composite?
False
Is 3844536265 composite?
True
Is 25757712011 a prime number?
True
Is 519058231 composite?
False
Is 87229811 prime?
True
Is 930080501 a composite number?
True
Is 1727727721 composite?
False
Is 175678230547 a prime number?
False
Is 41568847 prime?
False
Is 1163686243 prime?
False
Is 69474714541 prime?
True
Is 9235817911 composite?
True
Is 4764162653 composite?
True
Is 95542747 a composite number?
False
Is 5262496549 prime?
True
Is 6281740319 a composite number?
True
Is 132866120857 composite?
True
Is 5367950723 a composite number?
False
Is 1845861973 a composite number?
True
Is 738807337 prime?
True
Is 541173649 a prime number?
False
Is 249522461 a prime number?
False
Is 569921237 prime?
False
Is 28834236421 prime?
False
Is 2148866479 composite?
False
Is 747520871 prime?
True
Is 69439914811 prime?
False
Is 13257192947 a composite number?
True
Is 673114649 composite?
True
Is 4146345431 a composite number?
True
Is 53687150354 a prime number?
False
Is 60708068261 prime?
True
Is 16587318395 prime?
False
Is 1675901519 a prime number?
True
Is 36473620577 a composite number?
False
Is 468759814 composite?
True
Is 3271439779 composite?
True
Is 390958379 a composite number?
True
Is 29923896161 prime?
True
Is 50326013 composite?
False
Is 12956498741 a prime number?
True
Is 15749857139 a composite number?
False
Is 190457543 composite?
True
Is 1012394531 a prime number?
True
Is 51228743 a prime number?
True
Is 2376487759 prime?
True
Is 5164133677 a composite number?
False
Is 10453283873 a composite number?
True
Is 5186081119 a prime number?
True
Is 4752348457 composite?
True
Is 78720330853 composite?
False
Is 141374713303 a composite number?
False
Is 24302345357 a composite number?
False
Is 5277164341 a prime number?
True
Is 2380558313 composite?
True
Is 572909137 a composite number?
True
Is 2179382311 a composite number?
False
Is 19681905841 a prime number?
False
Is 64719181045 a composite number?
True
Is 31584795361 prime?
False
Is 850594769 a composite number?
True
Is 837057709 a prime number?
False
Is 486775139 composite?
False
Is 80747026403 prime?
False
Is 713347933 composite?
False
Is 1092965161 prime?
False
Is 3443685541 prime?
True
Is 1206420801 prime?
False
Is 5232538507 prime?
False
Is 2843165231 composite?
True
Is 2133492037 prime?
True
Is 2085429271 composite?
True
Is 30249269159 a prime number?
True
Is 229603051 a composite number?
False
Is 7599107539 a prime number?
False
Is 48357661921 prime?
True
Is 9458630227 a prime number?
False
Is 1978184099 composite?
True
Is 3701396641 a composite number?
False
Is 199353703 prime?
True
Is 31346491 composite?
True
Is 680266099 composite?
False
Is 220249187 a prime number?
True
Is 424507547 prime?
True
Is 8216103967 composite?
False
Is 137846909 a prime number?
True
Is 440578739 composite?
False
Is 91528817 composite?
False
Is 2202894199 a composite number?
True
Is 19250847611 prime?
False
Is 4674000785 prime?
False
Is 3183073601 a composite number?
False
Is 12524212589 a composite number?
True
Is 36072247907 composite?
True
Is 1361118821 prime?
False
Is 22089614797 prime?
True
Is 49540511543 composite?
False
Is 27845214211 a composite number?
True
Is 6413619683 a prime number?
True
Is 1914959833 a prime number?
False
Is 1333840103 a prime number?
False
Is 4604322199 composite?
True
Is 46291367 prime?
True
Is 1105308665 a prime number?
False
Is 906625547 a prime number?
True
Is 915506323 a prime number?
False
Is 33544246061 prime?
False
Is 19942249 composite?
False
Is 3506565817 a composite number?
False
Is 113840